-4 - (-43 + 15 + 9 + -5)?
33
Evaluate (5 - -2) + (1 + -4 - -7) + (-52 - -56).
15
What is the value of 11 + 9 + -33 + 5 + 34?
26
What is the value of (481 - 161 - 126) + -159?
35
1 + 27 - (157 + -92 - 33)
-4
What is (-3 + -4 - (6 + -16)) + -18?
-15
Calculate 0 + (40 - 4) + (-3777 - -3819).
78
Calculate -90 - -86 - (-14 + 15 + 0 + (-1 - -54)).
-58
What is 14 + (-1 - -19 - (80 + -25)) - -3?
-20
Calculate (3 - (8 + 10 + -24 + 16)) + (9 - 0).
2
What is 1921 - 1930 - (-68 - (-8 - -3))?
54
What is the value of (-25 - (-16 - 33)) + -15 + 46?
55
What is the value of 0 + 44 - (-543 + 600)?
-13
Calculate 6 - (-15 + 11 + 4) - (22 + 3 + -3).
-16
What is 93 + 56 + (-115 - 17)?
17
-7 + 10 - (29 - -36)
-62
Calculate (-6 - 12) + 6 - 60 - -19 - -1.
-52
Calculate 129 + -138 + -2 + (1 - 3) + 3.
-10
Calculate (1 - 64) + (-4 - (-11 + -5)) + 3 + -19.
-67
3 + 6 - 5 - (100 - (29 - 29)) - 8
-104
What is the value of -49 + 159 + -159 + (10 - -1)?
-38
19 - -6 - (198 - 157)
-16
-177 + -141 + 252 + 60
-6
Calculate -25 + 62 + (-9 - 4) + -17.
7
Calculate -5 - (-87 - 10) - -10.
102
Evaluate 1 - (-4 - 76) - (33 - 38).
86
54 + (-34 + -54 - 9)
-43
What is the value of 9 + 1 + (0 - 6) + (-1 - 28)?
-25
Calculate -6 - (8 - (-7 + 23 - 6)).
-4
What is -34 + 38 + 55 + 3?
62
What is (2 - 2) + (1 - (-2 - 57)) - (15732 + -15744)?
72
What is the value of -6987 + 7036 + (0 - 4) + 1?
46
Evaluate -11 - 0 - (13 + 9 - (-30 - -59)).
-4
What is the value of (-9 - -7) + (-29 - 13) + 32 + (0 - 54)?
-66
Evaluate (4 - 14) + -3 - (-57 + 1).
43
Calculate 6 - (-19 - (-9 + -3 + (7 - (4 - 4)))).
20
Evaluate 13 - (-13 + (-21 - -24) + 23).
0
Calculate -45 - (88 + -37 + -58).
-38
Evaluate (-27 - (2 + -31)) + -6 + -5.
-9
What is 2 + 1 + -24 - -6?
-15
What is -68 - ((60 - 55) + -4 + -1)?
-68
What is 7 + (4 - 38) + 9 + 7 - -43?
32
What is the value of 1 + (1 - -17) + 3 - 0 - -34?
56
-96 + 38 - -166 - 198
-90
What is the value of (22 - -17 - 11) + (-166 - -131)?
-7
What is 414 + -378 - (122 + 5) - ((3 - 2) + 1)?
-93
-114 - (-4 + -80 + -37)
7
(4180 - 4147) + (16 - (-1 + 6))
44
Evaluate (-23 - -1) + 48 - (25 - 34).
35
52 - (-25 + -41) - 117
1
Calculate (3 - 37) + (-25 - (-12 - -1)).
-48
(59 - 43) + -33 - 9
-26
Evaluate -70 + (-5 - -2 - (-7 - 2)) + 35 + -40.
-69
(-5 - (5 + 3 - (2 + 66)) - 9) + -2
44
Evaluate (-3 + 16 - -6) + 15 + (1 - 18 - -11).
28
What is the value of -71 - 1 - (111 - 130 - (2 - 7) - -18)?
-76
-5 + 0 + 3 + (272 - 257) + -10 + 2
5
-12 + 2 + -4 + 29 + 42 + -60
-3
-2 + 1 - -13 - (7 - 27 - -7)
25
Calculate -107 + 125 + (-16 + 11 - -46).
59
What is 16 + (-20 + (15 - 5) - -4) + -22 + -2?
-14
36 - (-787 - -820 - (-1 + 14))
16
Calculate -1 + 72 + ((-13 - -2) + 15 - 19 - -13).
69
Calculate 9 + 7 - (-15 - -42) - (-16 - 10).
15
Evaluate 7 + 55 - (7 + 11).
44
Calculate -33 + (-80 - -54) + 89.
30
47 + 11 + (-14 - (-6 + 5 + 6)) + 15
54
What is -26 + -22 + (0 - (-17 + 28))?
-59
What is the value of 1 + 6 + (2 + -24 - (-34 + 88))?
-69
Calculate 19 + 26 + (-21 - -21 - 25).
20
What is (1820 + -1752 - (0 + -2 + 16)) + 0 + -6?
48
What is the value of (1 - -61) + (-1793 - -1708)?
-23
What is -50 - 13 - (-84 - -109)?
-88
What is the value of -68 + (117 - 118 - (9 + 0 + -3 - 14))?
-61
Calculate -1 + (15 - (5 - (3 - 11))) + -11.
-10
Calculate (-66 - -71) + -2 + 12 + (-18 - 37).
-40
What is (-1658 - -1654) + 4 + -3 + -17?
-20
Calculate -18 + (-5 - -77 - 58).
-4
Evaluate 30 + (-6 + -8 - -8).
24
Evaluate 17 - (73 + -16) - -19 - -34.
13
Calculate (32 - -11) + 1 - (1 + -24).
67
Calculate -24 + (-35 + 25 + 11 - -34).
11
What is 805 - 884 - (-84 - -1)?
4
What is -56 - (4 - (1 + 1 + 2 + -48 + 55))?
-49
What is the value of (-25 - (-8 + 13)) + 2 - (78 - 71)?
-35
What is the value of 10 + 3 + 15 + (-18 - 2)?
8
1 + 5 + -102 + 102 + -2 + 15
19
What is the value of -3 + -57 + 1 + (-341 - -362) - -12?
-26
Calculate -114 - -123 - (4 + -15) - 17.
3
What is -15 + (25 + -5 - 14) + 10?
1
Calculate 27 + (11 - 66) + 17.
-11
183 + 146 + -137 + -120
72
What is the value of (-3 - -3 - 53) + (-4 - ((-1 - 34) + 22))?
-44
What is (79 - (-3 - -64)) + 44?
62
What is (34 - -7) + (-161 - -113)?
-7
0 + -2 + 1 + -1 - (75 - 143 - -69)
-3
What is -38 - (-9 + 5 + (29 - 42))?
-21
Evaluate (-3 + 2 + 4 - 4) + 88 + -94.
-7
Evaluate 1 + 14 + 1 + -29 + (-1 - (1 + 3)).
-18
Calculate -38 + (6 - -80 - 11).
37
Calculate 17 + -18 + (-6 - -18) + -8.
3
What is -38 + 20 + 10 + (-31 - -3)?
-36
Evaluate -15 + -19 + 14 + 24 - -103.
107
1 + 1 + 19 + -508 + 565 + 16
94
Calculate 5 + 1 + 7 + -7 + 3 - -4.
13
Calculate 4 - (17 - ((-7 - 5) + 14 + -5)).
-16
What is the value of -100 + (-127 - -94) + 242?
109
What is 0 - (-1 + (7 - (-5 + -9 - -3)))?
-17
Evaluate 3 + (-2 - 53) + (-13 - -10) - (-13 - -10).
-52
What is the value of 0 + 16 + -17 + 9 + 4 + 1 + -10?
3
What is the value of ((9 - -4) + -24 - -18 - -2) + -1 + -5?
3
What is the value of -105 + 42 + (-58 - -81)?
-40
What is -1 + 3 + 6 + -73 + 69 + 108 + 0?
112
Calculate -138 - (-58 + 101 + -112).
-69
Calculate 5 + 25 + 199 + -172.
57
Evaluate -32 + 78 + -46 - -2.
2
Evaluate -6 + 156 + -117 + (1 - 26).
8
24 + (9 - (-10 + -9 + 50))
2
What is (-2 - (-9 + -1)) + (56 - (15 + -13 + 3))?
59
(8 - 2) + (-4 - -5) + 8 + -5 - 50
-40
Calculate -1581 + 1584 + -1 + 6.
8
What is -11 + (1 - 3) + (-7 - (9 - 2)) + -31?
-58
What is the value of 1 + 26 + (33 - 71)?
-11
10 + (-25 - (-1 + 5 + -18)) + -31
-32
What is the value of 5 + (0 - 14 - (14 - -11 - 22))?
-12
-11 - (41 + -5 + 1) - (-4 + (-1 - 1))
-42
What is the value of -71 - (8 + -50 + -54)?
25
What is (2 + 15 - (11 + 75 - 75)) + (12 - 0)?
18
(23 - 41) + 14 + -29 + 31
-2
Calculate (-1 + -30 - (2176 + -2149)) + 19.
-39
Evaluate 23 + 36 + 11 + (14 + -25 - (4 + -7)).
62
What is the value of (-1 - -5) + -20 + (19 - (19 + (-35 - -20)))?
-1
What is the value of (2 - -9) + -242 + 250 - -55?
74
What is (22 - (20 + 15) - -45) + 13?
45
What is 108 + -256 + 137 + (2 - 22)?
-31
Calculate 9 + -36 + 918 + -969.
-78
Evaluate 1 + 2 - (15 - (-14 + 46)).
20
What is -37 - (-2 - (3 + 0 + -67 + 47))?
-52
Evaluate -1 + -78 + (63 - (30 + -14 + 41)).
-73
Calculate -34 + 1018 + -1024 + (20 - 0).
-20
Evaluate (46 + -4 - -5) + (3 + 16 - (27 - 2)).
41
Evaluate (3 - (-36 + 21)) + -2 + -63.
-47
What is the value of -42 + 25 + 12 + 17 + 1 + -9?
4
Evaluate 137 + 26 + -43 + (13 - 22).
111
What is the value of -11 + (4 - 102) + 20 - (4 - -16)?
-109
(78 - (137 + -88)) + -23 + -1
5
Evaluate (26 - (34 + 29)) + 13.
-24
Calculate 25 + 12 - (5 - -2 - (-13 - -13) - 2).
32
What is (0 - (7 + 4 + -55 + 25)) + 5?
24
What is (-359 - -372) + (3 - 0) + 12?
28
What is (1 + -15 - (1095 - 1120)) + (-2 - -1) + 26?
36
Calculate -31 - (-25 + 49 + -50 - -22).
-27
Calculate (6 - -1) + -23 + 38 + 5 - -14.
41
(11 - 11) + 3 - (212 - 213)
4
What is 6 - -2 - ((-14 - -12) + -3 + 11) - -93?
95
What is 46 + 25 + -51 + (-17 - 11)?
-8
What is ((26 - 32) + -10 - -29) + (-3 - -21)?
31
Calculate -23 - 5 - -45 - (5 - -5).
7
Calculate -18 + (-3 + 12 - 3) - (7 + 13).
-32
What is the value of (-1 - 21) + 52 + -49 + 21?
2
What is -2 + 62 - (-2 + 63 + -59)?
58
Evaluate 214 + -116 + 60 - 278.
-120
-1 + (16 - (3 + -3)) + -78
-63
What is the value of -15 + (-26 - (-31 + 10)) + 57?
37
(-75 - -42 - -61) + -72
-44
Evaluate 54 - (-3 + 6) - (35 + 11 - 32).
37
Calculate -466 + 564 - (-2 - -74).
26
-42 - (-66 + 91) - -78
11
Evaluate -86 + 92 - 163 - -296.
139
Calculate 2 + (8 - (-839 + 870 + (-2 + 11 - 1))).
-29
Evaluate (3 - (61 - 17) - -5 - -10) + 3.
-23
(-10 - 2) + (-42 - -67 - (-3 - -25))
-9
What is -7 + -1 + -29 - (26 - 48)?
-15
Calculate -7 + 51 + (-9 - (-5 + -5) - (-12 - -3)).
54
Evaluate -28 + (6 - 10 - -1) + (2 - -12).
-17
What is (-8 - -23) + (-24 - 0 - -21)?
12
-67 + (88 - 164) + 87
-56
What is the value of -22 + -159 + 97 + 146?
62
Calculate 11 + 2 - (-70 - -19 - (37 + -15 + -26)).
60
Calculate 6 + 8 - (1 - (-5 - 4)) - 27.
-23
Evaluate -49 - ((69 - 162) + 111).
-67
What is the value of (10 - ((13 - 8) + -7)) + (8 + 15 - -77)?
112
What is 3 - 0 - -37 - (-3067 - -3055)?
52
What is the value of (1 - (10 - (26 - 23 - (-84 - -2)))) + 5?
81
What is the value of (1619 - 1604) + -75 + 1 + -12 + -1 + 3?
-69
What is the value of (-5 + (9 - 0) - -9) + 4 + 54?
71
Calculate -7 + 0 + -108 + (55 - -100).
40
What is the value of (0 - -1) + -3 + -12 - (-10946 - -11008)?
-7